121020
What is -212122101 (base 3) in base 6?
-211444
1956 (base 15) to base 4
1111221
103580 (base 9) to base 4
33010101
Convert -13401 (base 5) to base 10.
-1101
Convert -2778 (base 15) to base 14.
-310a
4727 (base 8) to base 12
155b
Convert 24132 (base 6) to base 4.
312320
714 (base 16) to base 3
2111010
What is 3445 (base 7) in base 13?
75a
8b0 (base 12) to base 10
1284
What is 2d2 (base 15) in base 3?
212222
What is -9bd (base 14) in base 13?
-b57
Convert 10ca (base 16) to base 10.
4298
Convert -100011 (base 2) to base 16.
-23
What is 21131 (base 4) in base 15?
2a5
Convert -11210110 (base 3) to base 7.
-13122
Convert 530 (base 7) to base 3.
100212
Convert 27a (base 15) to base 8.
1065
Convert -11a2 (base 11) to base 4.
-120130
What is -10022 (base 3) in base 5?
-324
181 (base 15) to base 8
532
-110111100110 (base 2) to base 14
-1422
What is 7777 (base 11) in base 12?
5b20
What is -1884 (base 9) in base 8?
-2655
Convert 4340 (base 5) to base 13.
36a
What is -420 (base 6) in base 16?
-9c
2417 (base 11) to base 5
100124
-141334 (base 7) to base 3
-1100221021
What is -42022 (base 7) in base 10?
-10306
What is 23915 (base 13) in base 6?
1222032
42b8 (base 12) to base 8
16254
Convert 6410 (base 8) to base 10.
3336
What is -21913 (base 11) in base 16?
-7be4
Convert 430 (base 14) to base 7.
2260
What is -1035 (base 6) in base 11?
-1a8
-2003 (base 6) to base 16
-1b3
What is 120130 (base 4) in base 6?
11124
3630 (base 8) to base 12
1160
What is 5629 (base 11) in base 2?
1110011110100
Convert -11542 (base 7) to base 11.
-22a5
Convert 1189a (base 16) to base 4.
101202122
What is -3a6b (base 12) in base 11?
-5048
2885 (base 9) to base 8
4207
-3002111 (base 4) to base 13
-5879
739 (base 11) to base 14
477
What is -25555 (base 7) in base 13?
-3133
Convert 610 (base 9) to base 3.
200100
202434 (base 5) to base 16
19db
Convert 148a1 (base 13) to base 9.
58236
Convert -142332 (base 5) to base 13.
-2940
Convert -10423 (base 10) to base 16.
-28b7
What is a9ac (base 13) in base 12?
11815
What is -3110 (base 5) in base 14?
-20d
Convert 42435 (base 6) to base 15.
1aa8
Convert -7c9 (base 13) to base 2.
-10101000100
What is 5747 (base 15) in base 4?
10201111
-14 (base 14) to base 9
-20
-16436 (base 7) to base 8
-11112
What is 2b4 (base 15) in base 13?
388
What is -34140 (base 5) in base 7?
-10025
-446 (base 11) to base 7
-1362
Convert 6262 (base 13) to base 12.
7a54
What is 111100 (base 4) in base 14?
6d2
Convert 12c5 (base 14) to base 15.
ea9
Convert -22102 (base 3) to base 8.
-343
Convert -17205 (base 10) to base 16.
-4335
Convert -1a677 (base 14) to base 16.
-10641
What is -184 (base 9) in base 6?
-421
What is 10200102 (base 3) in base 2?
101001111100
-504515 (base 6) to base 9
-60702
What is 35a3 (base 15) in base 3?
120122100
d32 (base 16) to base 15
1003
Convert 3655 (base 14) to base 13.
4416
What is -2325 (base 9) in base 10?
-1724
What is -3ea (base 15) in base 9?
-1204
Convert 2111 (base 5) to base 16.
119
Convert 471a (base 11) to base 12.
3700
What is -650 (base 9) in base 12?
-383
-4bd4 (base 16) to base 6
-225512
-10200 (base 3) to base 12
-83
Convert -41241 (base 7) to base 2.
-10011101011010
139 (base 10) to base 7
256
Convert -2525 (base 7) to base 3.
-1022012
Convert 1046 (base 8) to base 9.
671
-100000100101110 (base 2) to base 12
-97a6
Convert -17861 (base 9) to base 12.
-71a7
9b0a (base 12) to base 7
100663
Convert 2720 (base 8) to base 11.
1133
17e7 (base 16) to base 6
44155
8c (base 14) to base 7
235
What is 51c7 (base 16) in base 8?
50707
8884 (base 11) to base 2
10110110111100
Convert 22101200 (base 3) to base 2.
1011111101000
Convert 1100011110111 (base 2) to base 6.
45331
-71 (base 14) to base 11
-90
Convert -1010111100011 (base 2) to base 9.
-7615
Convert 1c9 (base 15) to base 16.
19e
863 (base 10) to base 16
35f
-1180 (base 14) to base 13
-150a
What is -1c1 (base 13) in base 15?
-16b
1ab3 (base 12) to base 6
23143
What is 1000011101 (base 2) in base 5?
4131
-330323 (base 4) to base 12
-230b
-27433 (base 8) to base 11
-9073
What is 6382 (base 12) in base 8?
25222
-16110 (base 10) to base 16
-3eee
10420 (base 5) to base 10
735
What is 3d44 (base 15) in base 7?
53143
What is -541 (base 9) in base 14?
-238
What is 2303 (base 6) in base 5?
4133
Convert 3240 (base 5) to base 3.
121111
-202423 (base 6) to base 3
-211010220
Convert -533 (base 14) to base 6.
-4425
-2453 (base 12) to base 3
-12121200
What is 779 (base 10) in base 14?
3d9
-2110 (base 3) to base 9
-73
What is 100010010111 (base 2) in base 12?
1333
What is -3201 (base 5) in base 3?
-120210
Convert 2200020 (base 3) to base 5.
30300
Convert -772 (base 10) to base 12.
-544
4645 (base 12) to base 5
222304
-1606 (base 8) to base 9
-1212
What is 111012 (base 3) in base 6?
1352
What is -9d62 (base 16) in base 3?
-2001021020
What is 204 (base 5) in base 7?
105
-caa (base 14) to base 15
-b1c
What is -5025 (base 9) in base 2?
-111001010100
What is 344 (base 14) in base 10?
648
Convert 53334 (base 6) to base 13.
33c4
What is 89 (base 16) in base 13?
a7
-13113 (base 4) to base 9
-573
Convert 20021022 (base 3) to base 12.
278b
What is -10625 (base 10) in base 11?
-7a8a
Convert 23580 (base 10) to base 12.
11790
What is 210102000 (base 3) in base 5?
444411
-2077 (base 8) to base 14
-579
Convert -48d (base 15) to base 5.
-13113
What is 10220020 (base 3) in base 6?
21053
Convert -1895 (base 10) to base 4.
-131213
What is -213311 (base 4) in base 3?
-10111102
What is 473 (base 9) in base 14?
1dc
What is -3f2 (base 16) in base 15?
-475
What is -550 (base 7) in base 13?
-187
Convert -42404 (base 7) to base 2.
-10100011111010
What is 50a4 (base 14) in base 2?
11011000101000
-40b (base 14) to base 3
-1002110
Convert 22513 (base 8) to base 14.
369d
Convert -11230 (base 4) to base 2.
-101101100
-10645 (base 14) to base 16
-9ae5
What is 244 (base 6) in base 14?
72
Convert -2750 (base 11) to base 8.
-6754
What is 20432 (base 5) in base 12?
95b
Convert -4516 (base 8) to base 13.
-1113
What is -27a42 (base 11) in base 7?
-224124
-101131310 (base 4) to base 7
-415400
-10632 (base 8) to base 11
-3427
Convert 24661 (base 7) to base 10.
6511
What is -5606 (base 10) in base 5?
-134411
Convert -103211 (base 4) to base 8.
-2345
Convert 1111100010001000 (base 2) to base 5.
4013444
What is -222111020 (base 3) in base 13?
-8a36
What is 65b9 (base 12) in base 11?
8489
Convert -12110 (base 4) to base 2.
-110010100
What is 477 (base 8) in base 6?
1251
What is 28820 (base 10) in base 2?
111000010010100
What is 135053 (base 7) in base 6?
315135
Convert -3071 (base 12) to base 13.
-2524
What is 423 (base 13) in base 10?
705
Convert -26a (base 12) to base 4.
-11302
Convert -5c5 (base 15) to base 11.
-a91
-7e8 (base 15) to base 11
-1390
What is 3360 (base 13) in base 10?
7176
2002 (base 4) to base 10
130
Convert 14144 (base 6) to base 12.
1354
Convert -100112 (base 4) to base 6.
-4502
Convert -232 (base 8) to base 2.
-10011010
Convert -23240 (base 6) to base 8.
-6410
Convert 45b (base 15) to base 9.
1315
Convert 143552 (base 6) to base 4.
3113330
Convert -23635 (base 7) to base 13.
-2a52
148 (base 9) to base 3
11122
123 (base 10) to base 11
102
What is 3086 (base 16) in base 5?
344142
What is -6863 (base 9) in base 14?
-1bcb
-5708 (base 11) to base 12
-441a
What is 144 (base 11) in base 9?
207
2799 (base 10) to base 13
1374
Convert 17163 (base 11) to base 7.
130255
Convert 2201110002 (base 3) to base 6.
1051515
What is -26 (base 14) in base 6?
-54
What is 656 (base 11) in base 4?
30103
Convert -32346 (base 8) to base 16.
-34e6
-21676 (base 9) to base 11
-a907
What is -1312332 (base 4) in base 9?
-11400
What is -140 (base 16) in base 5?
-2240
What is -1782d (base 14) in base 9?
-100224
Convert 2010021 (base 3) to base 2.
11000001010
Convert 28 (base 16) to base 11.
37
Convert 122010 (base 3) to base 9.
563
Convert -238 (base 16) to base 4.
-20320
Convert -101011 (base 2) to base 5.
-133
4150 (base 7) to base 15
671
What is 592 (base 12) in base 6?
3502
Convert 11010110110001 (base 2) to base 16.
35b1
Convert -3203131 (base 4) to base 11.
-aa34
532 (base 10) to base 16
214
Convert 2481 (base 11) to base 14.
1271
What is 100101010100 (base 2) in base 12?
1470
12202 (base 4) to base 15
1cd
-1087 (base 13) to base 14
-bac
133